{"id":2,"date":"2026-03-24T19:40:23","date_gmt":"2026-03-24T19:40:23","guid":{"rendered":"https:\/\/fisica.uaz.edu.mx\/javierchagoya\/?page_id=2"},"modified":"2026-03-24T22:31:16","modified_gmt":"2026-03-24T22:31:16","slug":"pagina-ejemplo","status":"publish","type":"page","link":"https:\/\/fisica.uaz.edu.mx\/javierchagoya\/pagina-ejemplo\/","title":{"rendered":"PRODUCCI\u00d3N CIENT\u00cdFICA Y HUMAN\u00cdSTICA"},"content":{"rendered":"\n<p>A\u00f1o de publicaci\u00f3n: 2023<br>T\u00edtulo del art\u00edculo:<br>Nombre:<\/p>\n\n\n\n<p>Cosmological fluids in the equivalence between Rastall and Einstein gravity<br>Classical and Quantum Gravity<\/p>\n\n\n\n<p>N\u00famero de la revista:  Vol\u00famen de la revista:<br>P\u00e1ginas de: a:<\/p>\n\n\n\n<p><\/p>\n","protected":false},"excerpt":{"rendered":"<p>A\u00f1o de publicaci\u00f3n: 2023T\u00edtulo del art\u00edculo:Nombre: Cosmological fluids in the equivalence between Rastall and Einstein gravityClassical and Quantum Gravity N\u00famero de la revista: Vol\u00famen de la revista:P\u00e1ginas de: a:<\/p>\n","protected":false},"author":9,"featured_media":0,"parent":0,"menu_order":0,"comment_status":"closed","ping_status":"open","template":"","meta":{"footnotes":""},"class_list":["post-2","page","type-page","status-publish","hentry"],"_links":{"self":[{"href":"https:\/\/fisica.uaz.edu.mx\/javierchagoya\/wp-json\/wp\/v2\/pages\/2","targetHints":{"allow":["GET"]}}],"collection":[{"href":"https:\/\/fisica.uaz.edu.mx\/javierchagoya\/wp-json\/wp\/v2\/pages"}],"about":[{"href":"https:\/\/fisica.uaz.edu.mx\/javierchagoya\/wp-json\/wp\/v2\/types\/page"}],"author":[{"embeddable":true,"href":"https:\/\/fisica.uaz.edu.mx\/javierchagoya\/wp-json\/wp\/v2\/users\/9"}],"replies":[{"embeddable":true,"href":"https:\/\/fisica.uaz.edu.mx\/javierchagoya\/wp-json\/wp\/v2\/comments?post=2"}],"version-history":[{"count":2,"href":"https:\/\/fisica.uaz.edu.mx\/javierchagoya\/wp-json\/wp\/v2\/pages\/2\/revisions"}],"predecessor-version":[{"id":20,"href":"https:\/\/fisica.uaz.edu.mx\/javierchagoya\/wp-json\/wp\/v2\/pages\/2\/revisions\/20"}],"wp:attachment":[{"href":"https:\/\/fisica.uaz.edu.mx\/javierchagoya\/wp-json\/wp\/v2\/media?parent=2"}],"curies":[{"name":"wp","href":"https:\/\/api.w.org\/{rel}","templated":true}]}}