{"id":116,"date":"2025-11-12T21:18:28","date_gmt":"2025-11-12T21:18:28","guid":{"rendered":"https:\/\/fisica.uaz.edu.mx\/josearaiza\/?page_id=116"},"modified":"2025-11-12T21:26:49","modified_gmt":"2025-11-12T21:26:49","slug":"produccion-cientifica-y-humanista","status":"publish","type":"page","link":"https:\/\/fisica.uaz.edu.mx\/josearaiza\/produccion-cientifica-y-humanista\/","title":{"rendered":"Producci\u00f3n Cient\u00edfica y Humanista"},"content":{"rendered":"\n<p><strong>ART\u00cdCULOS<\/strong><br>LONG ELECTRICAL STABILITY ON DUAL ACCEPTOR P-TYPE ZNO:AG,N THIN FILMS<br>MICROMACHINES<br>A\u00f1o: 2024<br>Objetivo: Investigaci\u00f3n<br>Estado: Aceptado para su publicaci\u00f3n<br>Rol de participaci\u00f3n: Co-autor (a)<br>ISSN electr\u00f3nico: 2072-666X<br>DOI: https:\/\/doi.org\/10.3390\/xxxxx<br>Autor(es): Fernando Avelar Mu\u00f1oz , Roberto G\u00f3mez Rosales , Arturo Agust\u00edn Ortiz Hern\u00e1ndez , H\u00e9ctor Dur\u00e1n Mu\u00f1oz , Javier<br>alejandro Berumen Torres , Jorge Alberto Vargas T\u00e9llez , Hugo Tototzintle Huitle , V\u00edctor Hugo M\u00e9ndez Garc\u00eda , Jos\u00e9 De Jes\u00fas<br>Araiza Ibarra , Jos\u00e9 Juan Ortega Sigala ,<br><a href=\"https:\/\/tlapiakali.conahcyt.mx\/s\/tkmjZaR4EWZgjGG\">Ver Documento<\/a><\/p>\n\n\n\n<hr class=\"wp-block-separator has-alpha-channel-opacity\"\/>\n\n\n\n<p>IMPACT OF SILVER ON THE STRUCTURAL AND WETTABILITY PROPERTIES OF ZNO FILMS GROWN BY OBLIQUE<br>ANGLE MAGNETRON SPUTTERING<br>PROCESSES<br>A\u00f1o: 2023<br>Objetivo: Investigaci\u00f3n<br>Estado: Publicado<br>Rol de participaci\u00f3n: Co-autor (a)<br>ISSN electr\u00f3nico: 2227-9717<br>DOI: https:\/\/doi.org\/10.3390\/pr11051428<br>Autor(es): Leo \u00c1lvarez Fraga , Ra\u00fal Gago Fern\u00e1ndez , Jon Azpeitia , Ignacio Jim\u00e9nez , Olga S\u00e1nchez Garrido , Jos\u00e9 de Jes\u00fas<br>Araiza Ibarra ,<br><a href=\"https:\/\/tlapiakali.conahcyt.mx\/s\/E6C7fDw4yg8Npbs\">Ver Documento<\/a><\/p>\n\n\n\n<hr class=\"wp-block-separator has-alpha-channel-opacity\"\/>\n\n\n\n<p>SURFACE MORPHOLOGY AND OPTICAL PROPERTIES OF HAFNIUM OXIDE THIN FILMS PRODUCED BY MAGNETRON<br>SPUTTERING<br>MATERIALS<br>A\u00f1o: 2023<br>Objetivo: Investigaci\u00f3n<br>Estado: Publicado<br>Rol de participaci\u00f3n: Autor (a) principal<br>ISSN electr\u00f3nico: 1996-1944<br>DOI: https:\/\/doi.org\/10.3390\/ma16155331<br>Autor(es): Jos\u00e9 De Jes\u00fas Araiza Ibarra , Leo \u00c1lvarez Fraga , Ra\u00fal Gago Fern\u00e1ndez , Olga S\u00e1nchez Garrido ,<br><a href=\"https:\/\/tlapiakali.conahcyt.mx\/s\/oFnNBARPDR4Gw7C\">Ver Documento<\/a><\/p>\n\n\n\n<hr class=\"wp-block-separator has-alpha-channel-opacity\"\/>\n\n\n\n<p>GROWTH OF NANOCOLUMNAR TIO2 BILAYER BY DIRECT CURRENT REACTIVE MAGNETRON SPUTTERING IN<br>GLANCING-ANGLE DEPOSITION CONFIGURATION FOR HIGH-QUALITY ELECTRON TRANSPORT LAYER<br>MICROMACHINES<br>A\u00f1o: 2023<br>Objetivo: Investigaci\u00f3n<br>Estado: Publicado<br>Rol de participaci\u00f3n: Co-autor (a)<br>ISSN electr\u00f3nico: 2072-666X<br>DOI: https:\/\/doi.org\/10.3390\/mi14081483<br>Autor(es): Perla Janet Rosales Medina , Fernando Avelar Mu\u00f1oz , \u00c9lida Flores Sigala , Roberto G\u00f3mez Rosales , Javier Alejandro<br>Berumen Torres , Jos\u00e9 De Jes\u00fas Araiza Ibarra , Hugo Tototzintle Huitle , V\u00edctor Hugo M\u00e9ndez Garc\u00eda , Jos\u00e9 Juan Ortega Sigala ,<br><a href=\"https:\/\/tlapiakali.conahcyt.mx\/s\/GbQZ927d5sj2TCP\">Ver Documento<\/a><\/p>\n\n\n\n<hr class=\"wp-block-separator has-alpha-channel-opacity\"\/>\n\n\n\n<p>LOW RESISTIVITY ANNEALED TIN-DOPED ZINC OXIDE THIN FILMS PREPARED BY THE SOL GEL TECHNIQUE<br>MATERIALS SCIENCE AND ENGINEERING: B<br>CONAHCYT &#8211; RIZOMA &#8211; PERFIL \u00daNICO<br>P\u00e1gina 21 de 33A\u00f1o: 2021<br>Objetivo: Investigaci\u00f3n<br>Estado: Publicado<br>Rol de participaci\u00f3n: Co-autor (a)<br>ISSN electr\u00f3nico: 09215107<br>DOI: doi.org\/10.1016\/j.mseb.2021.115134<br>Autor(es): Javier Alejandro Berumen Torres , Jos\u00e9 Guadalupe Qui\u00f1ones Galv\u00e1n , H. Dur\u00e1n Mu\u00f1oz , C. H. Guzm\u00e1n , Gerardo<br>Torres Delgado , Jos\u00e9 Juan Ortega Sigala , Jos\u00e9 De Jes\u00fas Araiza Ibarra , Rebeca Castanedo P\u00e9rez ,<br><a href=\"https:\/\/tlapiakali.conahcyt.mx\/s\/Hq46KzSRfPHpR8i\">Ver Documento<\/a><\/p>\n\n\n\n<hr class=\"wp-block-separator has-alpha-channel-opacity\"\/>\n\n\n\n<p>ENHANCEMENT ON CARRIER MOBILITY IN AMORPHOUS INDIUM TIN OXYNITRIDE (ITON) THIN FILMS<br>JOURNAL OF ALLOYS AND COMPOUNDS<br>A\u00f1o: 2020<br>Objetivo: Investigaci\u00f3n<br>Estado: Publicado<br>Rol de participaci\u00f3n: Co-autor (a)<br>ISSN impreso: 09258388<br>ISSN electr\u00f3nico: 09258388<br>DOI: 10.1016\/j.jallcom.2020.155353<br>Autor(es): F. Avelar-Mu\u00f1oz , J. A. Berumen , M. A. Aguilar-Frutis , J. J. Araiza , J. J. Ortega ,<br><a href=\"https:\/\/tlapiakali.conahcyt.mx\/s\/GsLabTpik4cnHFq\">Ver Documento<\/a><\/p>\n\n\n\n<hr class=\"wp-block-separator has-alpha-channel-opacity\"\/>\n\n\n\n<p>PHYSICAL PROPERTIES OF REACTIVE RF SPUTTERED A-IZON THIN FILMS<br>REVISTA MEXICANA DE F\u00cdSICA<br>A\u00f1o: 2019<br>Objetivo: Investigaci\u00f3n<br>Estado: Publicado<br>Rol de participaci\u00f3n: Co-autor (a)<br>ISSN impreso: 0035001X<br>DOI: doi.org\/10.31349\/revmexfis.65.133<br>Autor(es): J. J. Ortega Sigala , C. R. Escobedo Galv\u00e1n , F. Avelar Mu\u00f1oz , A. A. Ortiz Hern\u00e1ndez , H. Tototzintle Huitle , C.<br>Falcony , Jos\u00e9 De Jes\u00fas Araiza Ibarra ,<br><a href=\"https:\/\/tlapiakali.conahcyt.mx\/s\/AtJQPDdNH2GeMW5\">Ver Documento<\/a><\/p>\n\n\n\n<hr class=\"wp-block-separator has-alpha-channel-opacity\"\/>\n\n\n\n<p>STRUCTURAL, OPTICAL AND ELECTRICAL CHARACTERISTICS OF YTTRIUM OXIDE FILMS DEPOSITED BY LASER<br>ABLATION<br>JOURNAL OF VACUUM SCIENCE AND TECHNOLOGY A<br>A\u00f1o: 1998<br>Objetivo: Investigaci\u00f3n<br>Estado: Publicado<br>Rol de participaci\u00f3n: Autor (a) principal<br>ISSN impreso: 07342101<br>DOI: https:\/\/doi.org\/10.1116\/1.581538<br>Autor(es): Ciro Falcony Guajardo , M\u00e1ximo L\u00f3pez L\u00f3pez , Gerardo CONTRERAS-PUENTE. , V\u00edctor Hugo MENDEZ-GARCIA ,<br>Modesto C\u00c1RDENAS , Jos\u00e9 De Jes\u00fas ARAIZA Ibarra ,<br><a href=\"https:\/\/tlapiakali.conahcyt.mx\/s\/Zg7sZNCCWL2c6c8\">Ver Documento<\/a><\/p>\n\n\n\n<hr class=\"wp-block-separator has-text-color has-alpha-channel-opacity has-background is-style-wide\" style=\"background-color:#002e52;color:#002e52\"\/>\n\n\n\n<h2 class=\"wp-block-heading\">LIBROS<\/h2>\n\n\n\n<p><br><br><strong>PARTICIPACI\u00d3N EN CONGRESOS<\/strong><\/p>\n\n\n\n<p>50TH. INTERNATIONAL SYMPOSIUM OF AVS.<br>CONAHCYT &#8211; RIZOMA &#8211; PERFIL \u00daNICO<br>P\u00e1gina 22 de 33STRUCTURAL AND ELECTRICAL CHARACTERIZATION OF ALUMINUM OXYNITRIDE THIN FILMS OBTAINED BY RF-<br>SPUTTERING.<br>2003-01-01<br>UNITED STATES OF AMERICA<\/p>\n\n\n\n<hr class=\"wp-block-separator has-alpha-channel-opacity\"\/>\n\n\n\n<p>12TH. INTERNATIONAL CONFERENCE ON THIN FILMS<br>OPTICAL AND ELECTRICAL CHARACTERISTICS OF ZIRCONIUM OXIDE THIN FILMS DEPOSITED ON SILICON<br>SUBSTRATES BY SPRAY PYROLYSIS.<br>2002-01-01<br>SLOVAKIA<\/p>\n\n\n\n<hr class=\"wp-block-separator has-alpha-channel-opacity\"\/>\n\n\n\n<p>12TH. INTERNATIONAL CONFERENCE ON THIN FILMS<br>DIELECTRIC CHARACTERISTICS OF RF-MAGNETRON SPUTTERED YTTRIUM OXIDE THIN FILMS DEPOSITED ON<br>PLASMA-ETCHED SILICON SUBSTRATES<br>2002-01-01<br>SLOVAKIA<\/p>\n\n\n\n<hr class=\"wp-block-separator has-alpha-channel-opacity\"\/>\n\n\n\n<p>12TH. INTERNATIONAL CONFERENCE ON THIN FILMS<br>OPTICAL, STRUCTURAL AND ELECTRICAL CHARACTERISTICS OF RF-MAGNETRON SPUTTERED ALUMINUM<br>OXYNITRIDE THIN FILMS DEPOSITED ON SILICON SUBSTRATES<br>2002-01-01<br>SLOVAKIA<\/p>\n\n\n\n<hr class=\"wp-block-separator has-alpha-channel-opacity\"\/>\n\n\n\n<p>11TH. INTERNATIONAL CONFERENCE ON THIN FILM AND 19TH. MEXICAN VACUUM AND SURFACE SCIENCE<br>CONGRESS<br>EFFECTS OF SI SUBSTRATE SURFACE RECONSTRUCTION ON Y2O3 THIN FILMS DEPOSITION PROCESS<br>1999-01-01<br>M\u00c9XICO<\/p>\n\n\n\n<hr class=\"wp-block-separator has-alpha-channel-opacity\"\/>\n\n\n\n<p>13TH. INTERNATIONAL VACUUM CONGRESS AND 9TH. INTERNATIONAL CONFERENCE ON SOLID STATE SURFACES<br>ELECTRICAL AND OPTICAL CHARACTERISTICS OF Y2O3 FILMS DEPOSITED BY LASER ABLATION<br>1995-01-01<br>JAPAN<\/p>\n\n\n\n<hr class=\"wp-block-separator has-alpha-channel-opacity\"\/>\n\n\n\n<p>13TH. INTERNATIONAL CONFERENCE ON THIN FILMS<br>STRUCTURAL AND MECHANICAL CHARACTERISTICS OF ZRN\/ZRO MULTILAYERS.<br>2005-01-01<br>SWEDEN<\/p>\n\n\n\n<hr class=\"wp-block-separator has-alpha-channel-opacity\"\/>\n\n\n\n<p>XXV CONGRESO NACIONAL SOCIEDAD MEXICANA DE CIENCIA Y TECNOLOG\u00cdA DE SUPERFICIES Y MATERIALES<br>FABRICACI\u00d3N Y CARACTERIZACI\u00d3N OPTICA Y ESTRUCTURAL DE PEL\u00cdCULAS DELGADAS DE SNO2 Y SNO2:AL<br>OBTENIDAS POR ROC\u00cdO PIROL\u00cdTICO ULTRAS\u00d3NICO<br>2005-01-01<br>M\u00c9XICO<\/p>\n\n\n\n<hr class=\"wp-block-separator has-alpha-channel-opacity\"\/>\n\n\n\n<p>XXV CONGRESO NACIONAL SOCIEDAD MEXICANA DE CIENCIA Y TECNOLOG\u00cdA DE SUPERFICIES Y MATERIALES<br>EFECTOS DE LA ORIENTACI\u00d3N CRISTALOGR\u00c1FICA DEL SUBSTRATO DE GAAS EN EL CRECIMIENTO HOMOEPITAXIAL<br>Y AUTOENSAMBLAJE DE NANOISLAS DE INAS<br>2005-01-01<br>M\u00c9XICO<\/p>\n\n\n\n<hr class=\"wp-block-separator has-alpha-channel-opacity\"\/>\n\n\n\n<p>XXV CONGRESO NACIONAL SOCIEDAD MEXICANA DE CIENCIA Y TECNOLOG\u00cdA DE SUPERFICIES Y MATERIALES<br>S\u00cdNTESIS Y CARACTERIZACI\u00d3N DE HETEROESTRUCTURAS SIO2\/SI\/SIO2 PREPARADAS POR EROSI\u00d3N CAT\u00d3DICA<br>REACTIVA CON MAGNETR\u00d3N.<br>CONAHCYT &#8211; RIZOMA &#8211; PERFIL \u00daNICO<br>P\u00e1gina 23 de 332005-01-01<br>M\u00c9XICO<\/p>\n\n\n\n<hr class=\"wp-block-separator has-alpha-channel-opacity\"\/>\n\n\n\n<p>XXV CONGRESO NACIONAL SOCIEDAD MEXICANA DE CIENCIA Y TECNOLOG\u00cdA DE SUPERFICIES Y MATERIALES<br>CRECIMIENTO Y CARACTERIZACI\u00d3N DE PEL\u00cdCULAS DELGADAS DE ZRNO DEPOSITADAS POR LA T\u00c9CNICA DE<br>EROSI\u00d3N CAT\u00d3DICA POR RADIOFRECUENCIA.<br>2005-01-01<br>M\u00c9XICO<\/p>\n\n\n\n<hr class=\"wp-block-separator has-alpha-channel-opacity\"\/>\n\n\n\n<p>XXV CONGRESO NACIONAL SOCIEDAD MEXICANA DE CIENCIA Y TECNOLOG\u00cdA DE SUPERFICIES Y MATERIALES<br>PROPIEDADES OPTICAS, ESTRUCTURALES Y EL\u00c9CTRICAS DE PEL\u00cdCULAS DELGADAS DE OXIDO DE ITRIO<br>OBTENIDAS POR ROC\u00cdO PIROL\u00cdTICO.<br>2005-01-01<br>M\u00c9XICO<\/p>\n\n\n\n<hr class=\"wp-block-separator has-alpha-channel-opacity\"\/>\n\n\n\n<p>XXIV CONGRESO NACIONAL SOCIEDAD MEXICANA DE CIENCIA Y TECNOLOG\u00cdA DE SUPERFICIES Y MATERIALES<br>SPATIAL FILTERING WITH OPTICAL THIN FILMS.<br>2004-01-01<br>M\u00c9XICO<\/p>\n\n\n\n<hr class=\"wp-block-separator has-alpha-channel-opacity\"\/>\n\n\n\n<p>XXIV CONGRESO NACIONAL SOCIEDAD MEXICANA DE CIENCIA Y TECNOLOG\u00cdA DE SUPERFICIES Y MATERIALES<br>CARACTERIZACI\u00d3N \u00d3PTICA DE PEL\u00cdCULAS DELGADAS DE \u00d3XIDO DE ITRIO POR ELIPSOMETR\u00cdA ESPECTRAL<br>DEPOSITADAS SOBRE SILICIO POR LA T\u00c9CNICA DE EROSI\u00d3N CAT\u00d3DICA DE RADIOFRECUENCIA SIMULADAS POR<br>MODELOS TEORICOS.<br>2004-01-01<br>M\u00c9XICO<\/p>\n\n\n\n<hr class=\"wp-block-separator has-alpha-channel-opacity\"\/>\n\n\n\n<p>XXIII CONGRESO NACIONAL SOCIEDAD MEXICANA DE SUPERFICIES Y VAC\u00cdO<br>OPTICAL, STRUCTURAL AND ELECTRICAL CHARACTERISTICS OF ALUMINUM OXYNITRIDE THIN FILMS DEPOSITED<br>BY RF-SPUTTERIN<br>2003-01-01<br>M\u00c9XICO<\/p>\n\n\n\n<hr class=\"wp-block-separator has-alpha-channel-opacity\"\/>\n\n\n\n<p>XXIII CONGRESO NACIONAL SOCIEDAD MEXICANA DE SUPERFICIES Y VAC\u00cdO<br>CARACTERIZACI\u00d3N \u00d3PTICA DE PELICULAS DELGADAS DE \u00d3XIDO DE ITRIO POR ELIPSOMETR\u00cdA ESPECTRAL<br>DEPOSITADAS SOBRE SILICIOPOR LA T\u00c9CNICA DE EROSI\u00d3N CAT\u00d3DICA DE RADIFRCUENCIA.<br>2003-01-01<br>M\u00c9XICO<\/p>\n\n\n\n<hr class=\"wp-block-separator has-alpha-channel-opacity\"\/>\n\n\n\n<p>XXVI CONGRESO NACIONAL DE LA SMCTSM<br>CARACTERIZACI\u00d3N \u00d3PTICA DE PEL\u00cdCULAS DELGADAS DE \u00d3XIDO DE ITRIO POR ELIPSOMETR\u00cdA ESPECTRAL<br>DEPOSITADAS SOBRE SILICIO POR LA T\u00c9CNICA DE EROSI\u00d3N CAT\u00d3DICA DE RADIOFRECUENCIA.<br>2006-01-01<br>M\u00c9XICO<\/p>\n\n\n\n<hr class=\"wp-block-separator has-alpha-channel-opacity\"\/>\n\n\n\n<p>XXVI CONGRESO NACIONAL DE LA SMCTSM<br>CRECIMIENTO Y CARACTERIZACI\u00d3N DE PEL\u00cdCULAS DELGADAS DE ZRO2 DEPOSITADAS POR RF-SPUTTERING<br>2006-01-01<br>M\u00c9XICO<\/p>\n\n\n\n<hr class=\"wp-block-separator has-alpha-channel-opacity\"\/>\n\n\n\n<p>XXVI CONGRESO NACIONAL DE LA SMCTSM<br>CRECIMIENTO Y CARACTERIZACI\u00d3N DE PEL\u00cdCULAS DE ZRN<br>2006-01-01<br>M\u00c9XICO<\/p>\n\n\n\n<div class=\"wp-block-group alignfull has-text-color has-background\" style=\"color:#000000;background-color:#ffffff\"><div class=\"wp-block-group__inner-container is-layout-flow wp-block-group-is-layout-flow\">\n<div class=\"wp-block-buttons is-horizontal is-content-justification-center is-layout-flex wp-container-core-buttons-is-layout-499968f5 wp-block-buttons-is-layout-flex\">\n<div class=\"wp-block-button has-custom-width wp-block-button__width-50\"><a class=\"wp-block-button__link has-text-color has-background wp-element-button\" href=\"https:\/\/fisica.uaz.edu.mx\/josearaiza\/wp-content\/uploads\/sites\/4\/2025\/11\/CV-Araiza-Ibarra-Josee.pdf\" style=\"border-radius:50px;color:#ffffff;background-color:#002e52\">Leer m\u00e1s&#8230;<\/a><\/div>\n<\/div>\n\n\n\n<div style=\"height:64px\" aria-hidden=\"true\" class=\"wp-block-spacer\"><\/div>\n<\/div><\/div>\n","protected":false},"excerpt":{"rendered":"<p>ART\u00cdCULOSLONG ELECTRICAL STABILITY ON DUAL ACCEPTOR P-TYPE ZNO:AG,N THIN FILMSMICROMACHINESA\u00f1o: 2024Objetivo: Investigaci\u00f3nEstado: Aceptado para su publicaci\u00f3nRol de participaci\u00f3n: Co-autor (a)ISSN electr\u00f3nico: 2072-666XDOI: https:\/\/doi.org\/10.3390\/xxxxxAutor(es): Fernando Avelar Mu\u00f1oz , Roberto G\u00f3mez Rosales , Arturo Agust\u00edn Ortiz Hern\u00e1ndez , H\u00e9ctor Dur\u00e1n Mu\u00f1oz , Javieralejandro Berumen Torres , Jorge Alberto Vargas T\u00e9llez , Hugo Tototzintle Huitle , V\u00edctor Hugo<\/p>\n<div class=\"more-link\">\n\t\t\t\t <a href=\"https:\/\/fisica.uaz.edu.mx\/josearaiza\/produccion-cientifica-y-humanista\/\" class=\"link-btn theme-btn\"><span>Leer M\u00e1s <\/span> <i class=\"fa fa-caret-right\"><\/i><\/a>\n\t\t\t<\/div>\n","protected":false},"author":2,"featured_media":0,"parent":0,"menu_order":0,"comment_status":"closed","ping_status":"closed","template":"","meta":{"footnotes":""},"class_list":["post-116","page","type-page","status-publish","hentry"],"_links":{"self":[{"href":"https:\/\/fisica.uaz.edu.mx\/josearaiza\/wp-json\/wp\/v2\/pages\/116","targetHints":{"allow":["GET"]}}],"collection":[{"href":"https:\/\/fisica.uaz.edu.mx\/josearaiza\/wp-json\/wp\/v2\/pages"}],"about":[{"href":"https:\/\/fisica.uaz.edu.mx\/josearaiza\/wp-json\/wp\/v2\/types\/page"}],"author":[{"embeddable":true,"href":"https:\/\/fisica.uaz.edu.mx\/josearaiza\/wp-json\/wp\/v2\/users\/2"}],"replies":[{"embeddable":true,"href":"https:\/\/fisica.uaz.edu.mx\/josearaiza\/wp-json\/wp\/v2\/comments?post=116"}],"version-history":[{"count":3,"href":"https:\/\/fisica.uaz.edu.mx\/josearaiza\/wp-json\/wp\/v2\/pages\/116\/revisions"}],"predecessor-version":[{"id":122,"href":"https:\/\/fisica.uaz.edu.mx\/josearaiza\/wp-json\/wp\/v2\/pages\/116\/revisions\/122"}],"wp:attachment":[{"href":"https:\/\/fisica.uaz.edu.mx\/josearaiza\/wp-json\/wp\/v2\/media?parent=116"}],"curies":[{"name":"wp","href":"https:\/\/api.w.org\/{rel}","templated":true}]}}